y b?
12
Suppose 12*b - 846 = 882. Let w = 209 - b. What is the remainder when 128 is divided by w?
63
Let i be (-8)/(-14) - -3*(-1040)/(-273). What is the remainder when (-16)/20*(-1650)/i is divided by 38?
34
Let k(f) = f + 8. Let v be k(-5). Suppose 2*h - w - 80 = -3*w, -2*w - 145 = -v*h. Let i = h - 27. Calculate the remainder when i is divided by 12.
6
Suppose 2127 + 1500 = 31*v. Calculate the remainder when v is divided by 24.
21
Let j(i) = -9*i - 45. Let q = 375 + -388. What is the remainder when j(q) is divided by 18?
0
Let i = -430 + 424. What is the remainder when 3 + 88 + 2 + i is divided by 15?
12
Suppose -422*w + 7758 = -416*w. What is the remainder when w is divided by 35?
33
Let x(j) = -2*j + 54. Let c be 1/(35/(-30))*(-14)/(-2). What is the remainder when x(c) is divided by 25?
16
Suppose -406*k + 401*k + 2730 = 3*c, 2705 = 5*k - 2*c. Calculate the remainder when k is divided by 78.
75
Let o(m) = -64*m + 2011. Suppose 0*v + 10 = -n - 4*v, 2*v = -n - 2. Calculate the remainder when o(31) is divided by n.
3
Let p = -139 + 155. What is the remainder when 156 is divided by p?
12
Suppose -465*g - 135194 = -224400 - 342779. Calculate the remainder when g is divided by 46.
9
Suppose 4*p = -42 + 106. Let x = -619 - -317. Let d = x - -362. What is the remainder when d is divided by p?
12
Suppose 1366*k - 1169*k = 293924. Let s(v) = v + 83. Calculate the remainder when k is divided by s(0).
81
Let l = 1928 - 1741. What is the remainder when l is divided by 64?
59
Let u(l) = 25*l**2 - 9 - 2*l - 24*l**2 - 4 - 2*l. Calculate the remainder when u(8) is divided by 8.
3
Suppose -24*y = 5*s - 1809, -10*s = -6*s - 3*y - 1314. Calculate the remainder when s is divided by 29.
14
Let t(q) = q + 22. Suppose -4*u = 2*h - 302, 6*u - 5*h = u + 370. Calculate the remainder when u is divided by t(17).
36
Let z = 1743 + -741. Suppose -h - f + 307 = 0, 3*h + 77 = -f + z. Calculate the remainder when h is divided by 10.
9
Let z = -48 - -51. Suppose -5 = -p - l, -p = z*l - l - 10. Suppose -24*s + 22*s + 20 = p. What is the remainder when s is divided by 4?
2
Let d = -4763 - -4785. What is the remainder when 987 is divided by d?
19
Suppose -159 = -10*v + 21. Let l = 5 - -48. Calculate the remainder when l is divided by v.
17
Let w(u) = 18*u - 2. Let z be 1 - (-5)/((-5)/(-4)) - 1. Suppose -9*j = -18*j + 81. What is the remainder when w(z) is divided by j?
7
Let x(a) = 5*a**3 - 5*a**2 + 33*a - 6. Let c = -384 - -389. Calculate the remainder when x(c) is divided by 22.
21
Let t(s) = -s**3 + s**2 + 4. Let g = 16 - 14. Let f be t(g). Suppose f = -6*p + 10*p - 76. What is the remainder when 56 is divided by p?
18
Suppose 0 = -s - 2*i + 20, -i - 53 = -3*s. Suppose 0 = 5*k - 3*k - 5*u + 9, 0 = 2*k - 4*u + 4. Calculate the remainder when s is divided by k.
2
Suppose -s = 10*s - 5*s - 1440. Calculate the remainder when 4317 is divided by s.
237
Suppose -3*b + 12 = -2*b. Suppose -2*v - 3*v + 3*w + 22 = 0, v - 3 = 2*w. Suppose b - 72 = -v*n. What is the remainder when 23 is divided by n?
11
Let j = -523 + 528. Suppose 4*x + 3*u = 15, -3 = x - 4*x - 5*u. Calculate the remainder when j + ((-9)/36)/((-2)/104) is divided by x.
0
Let y(z) = 23*z - 25. Calculate the remainder when y(9) is divided by 47.
41
Suppose x - 6 = 2*r, -2*x - 30 = -7*x - 2*r. Suppose 5*b = -x*b + 9317. Calculate the remainder when b is divided by 53.
52
Calculate the remainder when 2664/14 + 176/(-616) is divided by 48.
46
Let r = 23 - 18. Let i be (3/3 - 12) + 2. Calculate the remainder when 3 + i/3 + 44/4 is divided by r.
1
Suppose -3*g = -2*g - 3*v - 548, 4*g - 5*v = 2185. Let s = -523 + g. Let r = 352 - 245. Calculate the remainder when r is divided by s.
19
Suppose 30*x - 19066 = 6824. Let q = -772 + x. What is the remainder when 909 is divided by q?
90
Suppose 5*x - 365 = -300. What is the remainder when 970 is divided by x?
8
Let d = -7716 - -8127. Calculate the remainder when d is divided by 130.
21
Suppose m - 8*g = -3*g - 1, 0 = 2*g + 8. Suppose 51*w - 29*w - 2464 = 0. What is the remainder when w is divided by (-804)/m - (-6)/(-21)?
36
Let s = -188 - -203. Let i(z) = -8 + 4*z - 4 - z. Calculate the remainder when i(s) is divided by 13.
7
Let x = -39 - -63. Let p be ((-33)/6 - -4)/(1/(-2)). Suppose -n = -p*k + 26, 4*k - n - 21 = 12. Calculate the remainder when x is divided by k.
3
Let p(j) = 12*j**3 + 12*j - 13. Calculate the remainder when 22480/150 + (-4)/(-30) is divided by p(1).
7
Suppose 5*l = l + 320. Let t(f) be the first derivative of -f**2/2 + 23*f - 101. Calculate the remainder when l is divided by t(2).
17
Let v(o) = 5*o**2 + 29*o + 8108. Calculate the remainder when v(0) is divided by 153.
152
Let x = 11 - -11. Suppose 3*q + q = 284. Let l = q - 9. What is the remainder when l is divided by x?
18
Let j(n) = -4*n**3 + 30*n**2 - 17*n + 26. Calculate the remainder when 2075 is divided by j(7).
0
Suppose 22 + 228 = 10*a. Let u be 2/(-8) - 6/8. What is the remainder when -2 - ((u - -3) + -53) - 1 is divided by a?
23
Let a(j) = 5*j - 33. Let s(d) = d**2 + 56*d + 376. Calculate the remainder when s(-6) is divided by a(15).
34
Suppose -4*d = d + c - 18, 2*d - 9 = -c. Let i = -5 + d. Let z = 14 + i. Calculate the remainder when 21 is divided by z.
9
Suppose -2*w - 6*z + 155 = -11*z, 5*w - 5*z - 425 = 0. Let b be (3/4)/(8/(-576)). Let h = b + w. Calculate the remainder when h is divided by 19.
17
Suppose 2*z - 7*b - 2329 = -8*b, 10 = 2*b. Calculate the remainder when z is divided by 130.
122
Suppose 92*c - 83*c = 270. Suppose -g + 7 = -c. What is the remainder when g is divided by 24?
13
What is the remainder when ((-62)/4)/(24/(-1200)) is divided by 219?
118
Let t = 190 + -189. Let d(i) = 35*i + 4. What is the remainder when 271 is divided by d(t)?
37
Suppose 371*h - 475336 = -144775. What is the remainder when 897 is divided by h?
6
Suppose 26*b - 25*b + 19 = m, -7*m + 73 = -b. Suppose -x + 2*w = -59, 0 = 2*x + x - 3*w - 165. Calculate the remainder when x is divided by m.
6
Let w be (-70)/(-15) + 2/6 + 0. Suppose 3*p = -5*f + 385, w*f - 5*p = -103 + 448. What is the remainder when f is divided by 17?
6
Let c be (0 - 2)/(3*(-14)/(-525)). Calculate the remainder when (-467)/(-5) - ((-185)/c + -7) is divided by 47.
46
Let t be (-240)/(7 - 2) + (0 - -2). Let x = 144 + t. Suppose 3*m - x = -l + 56, 3*m + 3*l = 144. What is the remainder when m is divided by 20?
13
Let x(a) = -a + 14. Suppose r - 201 = -19. Let o = r + -128. Calculate the remainder when o is divided by x(0).
12
Suppose 0 = 5*j - q - 29, 4*q = -3*j + 2*q + 20. Suppose 2*d + 16 = j*d. Suppose 17*g - 16*g - d = 0. Calculate the remainder when 8 is divided by g.
0
Suppose 77*q + 15 = 78*q. What is the remainder when 98 is divided by q + 48/28 + 10/35?
13
Let b(l) be the second derivative of -3*l**5/20 + l**3 + 5*l**2 - 124*l. Calculate the remainder when 174 is divided by b(-2).
20
Calculate the remainder when 647 is divided by 2/8*-106*(-37 + 35).
11
Suppose 2*t = 9*t - 14. Suppose 5*o - 2*v = 118, -t*o + o + v = -26. What is the remainder when 52 is divided by o?
8
Suppose 0 = 5*a + 3*k - 33, a + 26*k = 21*k + 11. Calculate the remainder when 326 is divided by a.
2
Let b(u) = u**2 + 6*u + 2. Let d be b(-7). Let x(t) = -2*t**2 + 25*t + 2. Let r(v) = 2*v + 3. What is the remainder when x(d) is divided by r(4)?
10
Let n = -32 - -50. Let v(r) = -3*r - 60. Let o be v(-21). Calculate the remainder when o/(-6)*-2*26 is divided by n.
8
Let z(o) = -20*o**2 - 424*o - 14. Suppose g = -0*g + 24. What is the remainder when z(-21) is divided by g?
22
Let q = 4458 - 4464. Let n(k) = k**3 - k**2 + 2*k. Let x be n(3). Calculate the remainder when 66 is divided by (62/q + 1)/((-16)/x).
10
Suppose 263 = 3*f - 10. Suppose 184 = 3*c + 46. Calculate the remainder when f is divided by c.
45
Let p(l) = -l**3 + 15*l**2 + 19*l - 121. What is the remainder when 19911 is divided by p(4)?
130
Suppose 133*y - 6480 = 113*y. What is the remainder when y is divided by 41?
37
Let j(a) be the second derivative of a + 0 - 11/3*a**3 + 5/2*a**2. Calculate the remainder when j(-1) is divided by 7.
6
Suppose n + 3*r - 773 = 270, n + r - 1039 = 0. What is the remainder when n is divided by 116?
109
Let z(n) = n**2 + 2*n - 8. Let h be z(-4). Suppose h*f + 114 = 3*f